{"id":397,"date":"2017-10-23T06:21:05","date_gmt":"2017-10-23T06:21:05","guid":{"rendered":"http:\/\/pferdehaar-armbaender.de\/?page_id=397"},"modified":"2022-01-26T22:41:54","modified_gmt":"2022-01-26T21:41:54","slug":"gutscheine","status":"publish","type":"page","link":"https:\/\/pferdehaar-armbaender.de\/?page_id=397","title":{"rendered":"Gutscheine"},"content":{"rendered":"\n<p class=\"has-text-align-center\"><span style=\"font-family: 'Work Sans'; font-size: 12pt;\"><strong>Wertgutschein<\/strong><\/span><\/p>\n\n\n\n<p class=\"has-text-align-center\"><span style=\"font-family: 'Work Sans'; font-size: 12pt;\">Sie haben die M\u00f6glichkeit, zwischen folgenden Betr\u00e4gen zu w\u00e4hlen: 15\u20ac \u2022 20\u20ac \u2022 30\u20ac \u2022 50\u20ac<\/span><\/p>\n\n\n\n<p class=\"has-text-align-center\">&nbsp;<\/p>\n\n\n\n<p class=\"has-text-align-center\"><span style=\"font-family: 'Work Sans'; font-size: 12pt;\"><strong>Schmuckgutschein<\/strong><\/span><\/p>\n\n\n\n<p class=\"has-text-align-center\"><span style=\"font-family: 'Work Sans'; font-size: 12pt;\">Sie w\u00e4hlen im Vorfeld ein oder mehrere Schmuckst\u00fccke aus und erhalten so einen Gutschein \u00fcber die gew\u00e4hlten Schmuckst\u00fccke.<\/span><\/p>\n\n\n\n<p class=\"has-text-align-center\"><span style=\"font-family: 'Work Sans'; font-size: 12pt;\">Es gibt nun verschiedenen M\u00f6glichkeiten, den Gutschein zu erhalten\/zu verschenken:<\/span><\/p>\n\n\n\n<ul class=\"wp-block-list\"><li><span style=\"font-family: 'Work Sans'; font-size: 12pt;\"><del><\/del>Sie erhalten den ausgedruckten Gutschein im Format 10x15cm (+1,45\u20ac Versand)<\/span><\/li><li><span style=\"font-family: 'Work Sans'; font-size: 12pt;\">Sie erhalten die digitale Version in Form einer pdf-Datei zum selbst ausdrucken<\/span><\/li><li><span style=\"font-family: 'Work Sans'; font-size: 12pt;\">Sie erhalten den Gutscheincode per Mail und basteln Ihren eigenen Gutschein<\/span><\/li><\/ul>\n\n\n\n<p class=\"has-text-align-center\"><span style=\"font-family: 'Work Sans'; font-size: 12pt;\">Die Gutscheine k\u00f6nnen direkt im Online Shop auf dieser Webseite eingel\u00f6st werden oder Sie vermerken den Gutscheincode auf dem Bestellformular.<\/span><\/p>\n\n\n\n<hr class=\"wp-block-separator\"\/>\n\n\n\n<p class=\"has-text-align-center\"><span style=\"font-family: 'Work Sans'; font-size: 12pt;\">G\u00fcltigkeit: 3 Jahre ab Ausstellungsdatum<\/span><\/p>\n\n\n\n<p class=\"has-text-align-center\">&nbsp;<\/p>\n","protected":false},"excerpt":{"rendered":"<p>Wertgutschein Sie haben die M\u00f6glichkeit, zwischen folgenden Betr\u00e4gen zu w\u00e4hlen: 15\u20ac \u2022 20\u20ac \u2022 30\u20ac \u2022 50\u20ac &nbsp; Schmuckgutschein Sie&hellip;<\/p>\n","protected":false},"author":1,"featured_media":0,"parent":0,"menu_order":0,"comment_status":"closed","ping_status":"closed","template":"","meta":{"footnotes":""},"class_list":["post-397","page","type-page","status-publish","hentry"],"_links":{"self":[{"href":"https:\/\/pferdehaar-armbaender.de\/index.php?rest_route=\/wp\/v2\/pages\/397","targetHints":{"allow":["GET"]}}],"collection":[{"href":"https:\/\/pferdehaar-armbaender.de\/index.php?rest_route=\/wp\/v2\/pages"}],"about":[{"href":"https:\/\/pferdehaar-armbaender.de\/index.php?rest_route=\/wp\/v2\/types\/page"}],"author":[{"embeddable":true,"href":"https:\/\/pferdehaar-armbaender.de\/index.php?rest_route=\/wp\/v2\/users\/1"}],"replies":[{"embeddable":true,"href":"https:\/\/pferdehaar-armbaender.de\/index.php?rest_route=%2Fwp%2Fv2%2Fcomments&post=397"}],"version-history":[{"count":6,"href":"https:\/\/pferdehaar-armbaender.de\/index.php?rest_route=\/wp\/v2\/pages\/397\/revisions"}],"predecessor-version":[{"id":3893,"href":"https:\/\/pferdehaar-armbaender.de\/index.php?rest_route=\/wp\/v2\/pages\/397\/revisions\/3893"}],"wp:attachment":[{"href":"https:\/\/pferdehaar-armbaender.de\/index.php?rest_route=%2Fwp%2Fv2%2Fmedia&parent=397"}],"curies":[{"name":"wp","href":"https:\/\/api.w.org\/{rel}","templated":true}]}}